{"id":15,"date":"2023-03-27T14:47:25","date_gmt":"2023-03-27T12:47:25","guid":{"rendered":"https:\/\/www.tomaten.at\/?page_id=15"},"modified":"2023-06-24T10:26:05","modified_gmt":"2023-06-24T08:26:05","slug":"kontakt","status":"publish","type":"page","link":"https:\/\/www.tomaten.at\/?page_id=15","title":{"rendered":"Kontakt"},"content":{"rendered":"<p>[et_pb_section fb_built=&#8220;1&#8243; _builder_version=&#8220;4.20.2&#8243; _module_preset=&#8220;0008e9a1-d88e-464e-9cb1-fe7f366bbe34&#8243; min_height=&#8220;1011.7px&#8220; top_divider_style=&#8220;wave&#8220; top_divider_color=&#8220;gcid-5799e36e-457e-4a8e-8926-3dd15abfe4c8&#8243; top_divider_height=&#8220;57px&#8220; box_shadow_style=&#8220;preset6&#8243; global_colors_info=&#8220;{%22gcid-5799e36e-457e-4a8e-8926-3dd15abfe4c8%22:%91%22top_divider_color%22%93}&#8220;][et_pb_row _builder_version=&#8220;4.20.2&#8243; _module_preset=&#8220;default&#8220; global_colors_info=&#8220;{}&#8220;][et_pb_column type=&#8220;4_4&#8243; _builder_version=&#8220;4.20.2&#8243; _module_preset=&#8220;default&#8220; global_colors_info=&#8220;{}&#8220;][et_pb_text _builder_version=&#8220;4.20.2&#8243; _module_preset=&#8220;default&#8220; header_text_color=&#8220;gcid-5799e36e-457e-4a8e-8926-3dd15abfe4c8&#8243; header_font_size=&#8220;38px&#8220; global_colors_info=&#8220;{%22gcid-5799e36e-457e-4a8e-8926-3dd15abfe4c8%22:%91%22header_text_color%22%93}&#8220;]<\/p>\n<h1>Kontakt<\/h1>\n<p>&nbsp;<\/p>\n<p>[\/et_pb_text][et_pb_contact_form email=&#8220;office@tomaten.at&#8220; title=&#8220;Schicken Sie uns eine Nachricht:&#8220; success_message=&#8220;Vielen Dank f\u00fcr Ihre Nachricht! Wir melden uns in K\u00fcrze.&#8220; submit_button_text=&#8220;Senden&#8220; _builder_version=&#8220;4.20.2&#8243; _module_preset=&#8220;default&#8220; _unique_id=&#8220;e3108ca6-de72-48f7-8068-5be893096bc5&#8243; hover_enabled=&#8220;0&#8243; global_colors_info=&#8220;{}&#8220; sticky_enabled=&#8220;0&#8243;][et_pb_contact_field field_id=&#8220;Name&#8220; field_title=&#8220;Name&#8220; _builder_version=&#8220;4.16&#8243; global_colors_info=&#8220;{}&#8220; button_text_size__hover_enabled=&#8220;off&#8220; button_one_text_size__hover_enabled=&#8220;off&#8220; button_two_text_size__hover_enabled=&#8220;off&#8220; button_text_color__hover_enabled=&#8220;off&#8220; button_one_text_color__hover_enabled=&#8220;off&#8220; button_two_text_color__hover_enabled=&#8220;off&#8220; button_border_width__hover_enabled=&#8220;off&#8220; button_one_border_width__hover_enabled=&#8220;off&#8220; button_two_border_width__hover_enabled=&#8220;off&#8220; button_border_color__hover_enabled=&#8220;off&#8220; button_one_border_color__hover_enabled=&#8220;off&#8220; button_two_border_color__hover_enabled=&#8220;off&#8220; button_border_radius__hover_enabled=&#8220;off&#8220; button_one_border_radius__hover_enabled=&#8220;off&#8220; button_two_border_radius__hover_enabled=&#8220;off&#8220; button_letter_spacing__hover_enabled=&#8220;off&#8220; button_one_letter_spacing__hover_enabled=&#8220;off&#8220; button_two_letter_spacing__hover_enabled=&#8220;off&#8220; button_bg_color__hover_enabled=&#8220;off&#8220; button_one_bg_color__hover_enabled=&#8220;off&#8220; button_two_bg_color__hover_enabled=&#8220;off&#8220;][\/et_pb_contact_field][et_pb_contact_field field_id=&#8220;Email&#8220; field_title=&#8220;Email Addresse&#8220; field_type=&#8220;email&#8220; _builder_version=&#8220;4.20.2&#8243; global_colors_info=&#8220;{}&#8220; button_text_size__hover_enabled=&#8220;off&#8220; button_one_text_size__hover_enabled=&#8220;off&#8220; button_two_text_size__hover_enabled=&#8220;off&#8220; button_text_color__hover_enabled=&#8220;off&#8220; button_one_text_color__hover_enabled=&#8220;off&#8220; button_two_text_color__hover_enabled=&#8220;off&#8220; button_border_width__hover_enabled=&#8220;off&#8220; button_one_border_width__hover_enabled=&#8220;off&#8220; button_two_border_width__hover_enabled=&#8220;off&#8220; button_border_color__hover_enabled=&#8220;off&#8220; button_one_border_color__hover_enabled=&#8220;off&#8220; button_two_border_color__hover_enabled=&#8220;off&#8220; button_border_radius__hover_enabled=&#8220;off&#8220; button_one_border_radius__hover_enabled=&#8220;off&#8220; button_two_border_radius__hover_enabled=&#8220;off&#8220; button_letter_spacing__hover_enabled=&#8220;off&#8220; button_one_letter_spacing__hover_enabled=&#8220;off&#8220; button_two_letter_spacing__hover_enabled=&#8220;off&#8220; button_bg_color__hover_enabled=&#8220;off&#8220; button_one_bg_color__hover_enabled=&#8220;off&#8220; button_two_bg_color__hover_enabled=&#8220;off&#8220;][\/et_pb_contact_field][et_pb_contact_field field_id=&#8220;Message&#8220; field_title=&#8220;Nachricht&#8220; field_type=&#8220;text&#8220; fullwidth_field=&#8220;on&#8220; _builder_version=&#8220;4.20.2&#8243; global_colors_info=&#8220;{}&#8220; button_text_size__hover_enabled=&#8220;off&#8220; button_one_text_size__hover_enabled=&#8220;off&#8220; button_two_text_size__hover_enabled=&#8220;off&#8220; button_text_color__hover_enabled=&#8220;off&#8220; button_one_text_color__hover_enabled=&#8220;off&#8220; button_two_text_color__hover_enabled=&#8220;off&#8220; button_border_width__hover_enabled=&#8220;off&#8220; button_one_border_width__hover_enabled=&#8220;off&#8220; button_two_border_width__hover_enabled=&#8220;off&#8220; button_border_color__hover_enabled=&#8220;off&#8220; button_one_border_color__hover_enabled=&#8220;off&#8220; button_two_border_color__hover_enabled=&#8220;off&#8220; button_border_radius__hover_enabled=&#8220;off&#8220; button_one_border_radius__hover_enabled=&#8220;off&#8220; button_two_border_radius__hover_enabled=&#8220;off&#8220; button_letter_spacing__hover_enabled=&#8220;off&#8220; button_one_letter_spacing__hover_enabled=&#8220;off&#8220; button_two_letter_spacing__hover_enabled=&#8220;off&#8220; button_bg_color__hover_enabled=&#8220;off&#8220; button_one_bg_color__hover_enabled=&#8220;off&#8220; button_two_bg_color__hover_enabled=&#8220;off&#8220;][\/et_pb_contact_field][\/et_pb_contact_form][\/et_pb_column][\/et_pb_row][et_pb_row _builder_version=&#8220;4.20.2&#8243; _module_preset=&#8220;default&#8220; global_colors_info=&#8220;{}&#8220;][et_pb_column type=&#8220;4_4&#8243; _builder_version=&#8220;4.20.2&#8243; _module_preset=&#8220;default&#8220; global_colors_info=&#8220;{}&#8220;][et_pb_text _builder_version=&#8220;4.20.2&#8243; _module_preset=&#8220;default&#8220; text_text_color=&#8220;#000000&#8243; text_font_size=&#8220;15px&#8220; global_colors_info=&#8220;{}&#8220;]<\/p>\n<h3 class=\"Subline\"><strong>Zeiler Gem\u00fcsevertrieb GmbH<\/strong><\/h3>\n<p class=\"Copytext\">G\u00e4rtnerweg 1<\/p>\n<p class=\"Copytext\">A-2482 M\u00fcnchendorf<\/p>\n<p>Tel.: <strong>+43-2259\/870 72-0<\/strong><\/p>\n<p class=\"Copytext\"><a href=\"mailto:office@tomaten.at\">office@tomaten.at<\/a><\/p>\n<p>[\/et_pb_text][\/et_pb_column][\/et_pb_row][\/et_pb_section]<\/p>\n","protected":false},"excerpt":{"rendered":"<p>Kontakt &nbsp;Zeiler Gem\u00fcsevertrieb GmbH G\u00e4rtnerweg 1 A-2482 M\u00fcnchendorf Tel.: +43-2259\/870 72-0 office@tomaten.at<\/p>\n","protected":false},"author":1,"featured_media":0,"parent":0,"menu_order":0,"comment_status":"closed","ping_status":"closed","template":"","meta":{"_et_pb_use_builder":"on","_et_pb_old_content":"","_et_gb_content_width":"","footnotes":""},"class_list":["post-15","page","type-page","status-publish","hentry"],"yoast_head":"<!-- This site is optimized with the Yoast SEO plugin v20.7 - https:\/\/yoast.com\/wordpress\/plugins\/seo\/ -->\n<title>Kontakt - Zeiler - frische Tomaten aus \u00d6sterreich!<\/title>\n<meta name=\"robots\" content=\"index, follow, max-snippet:-1, max-image-preview:large, max-video-preview:-1\" \/>\n<link rel=\"canonical\" href=\"https:\/\/www.tomaten.at\/?page_id=15\" \/>\n<meta property=\"og:locale\" content=\"de_DE\" \/>\n<meta property=\"og:type\" content=\"article\" \/>\n<meta property=\"og:title\" content=\"Kontakt - Zeiler - frische Tomaten aus \u00d6sterreich!\" \/>\n<meta property=\"og:description\" content=\"Kontakt &nbsp;Zeiler Gem\u00fcsevertrieb GmbH G\u00e4rtnerweg 1 A-2482 M\u00fcnchendorf Tel.: +43-2259\/870 72-0 office@tomaten.at\" \/>\n<meta property=\"og:url\" content=\"https:\/\/www.tomaten.at\/?page_id=15\" \/>\n<meta property=\"og:site_name\" content=\"Zeiler - frische Tomaten aus \u00d6sterreich!\" \/>\n<meta property=\"article:modified_time\" content=\"2023-06-24T08:26:05+00:00\" \/>\n<meta name=\"twitter:card\" content=\"summary_large_image\" \/>\n<meta name=\"twitter:label1\" content=\"Gesch\u00e4tzte Lesezeit\" \/>\n\t<meta name=\"twitter:data1\" content=\"4 Minuten\" \/>\n<script type=\"application\/ld+json\" class=\"yoast-schema-graph\">{\"@context\":\"https:\/\/schema.org\",\"@graph\":[{\"@type\":\"WebPage\",\"@id\":\"https:\/\/www.tomaten.at\/?page_id=15\",\"url\":\"https:\/\/www.tomaten.at\/?page_id=15\",\"name\":\"Kontakt - Zeiler - frische Tomaten aus \u00d6sterreich!\",\"isPartOf\":{\"@id\":\"https:\/\/www.tomaten.at\/#website\"},\"datePublished\":\"2023-03-27T12:47:25+00:00\",\"dateModified\":\"2023-06-24T08:26:05+00:00\",\"breadcrumb\":{\"@id\":\"https:\/\/www.tomaten.at\/?page_id=15#breadcrumb\"},\"inLanguage\":\"de-AT\",\"potentialAction\":[{\"@type\":\"ReadAction\",\"target\":[\"https:\/\/www.tomaten.at\/?page_id=15\"]}]},{\"@type\":\"BreadcrumbList\",\"@id\":\"https:\/\/www.tomaten.at\/?page_id=15#breadcrumb\",\"itemListElement\":[{\"@type\":\"ListItem\",\"position\":1,\"name\":\"Startseite\",\"item\":\"https:\/\/www.tomaten.at\/\"},{\"@type\":\"ListItem\",\"position\":2,\"name\":\"Kontakt\"}]},{\"@type\":\"WebSite\",\"@id\":\"https:\/\/www.tomaten.at\/#website\",\"url\":\"https:\/\/www.tomaten.at\/\",\"name\":\"Zeiler - frische Tomaten aus \u00d6sterreich!\",\"description\":\"\",\"publisher\":{\"@id\":\"https:\/\/www.tomaten.at\/#organization\"},\"potentialAction\":[{\"@type\":\"SearchAction\",\"target\":{\"@type\":\"EntryPoint\",\"urlTemplate\":\"https:\/\/www.tomaten.at\/?s={search_term_string}\"},\"query-input\":\"required name=search_term_string\"}],\"inLanguage\":\"de-AT\"},{\"@type\":\"Organization\",\"@id\":\"https:\/\/www.tomaten.at\/#organization\",\"name\":\"Zeiler\",\"url\":\"https:\/\/www.tomaten.at\/\",\"logo\":{\"@type\":\"ImageObject\",\"inLanguage\":\"de-AT\",\"@id\":\"https:\/\/www.tomaten.at\/#\/schema\/logo\/image\/\",\"url\":\"http:\/\/www.tomaten.at\/wp-content\/uploads\/2023\/04\/Zeiler_Logo_ohne_Kreis.png\",\"contentUrl\":\"http:\/\/www.tomaten.at\/wp-content\/uploads\/2023\/04\/Zeiler_Logo_ohne_Kreis.png\",\"width\":250,\"height\":389,\"caption\":\"Zeiler\"},\"image\":{\"@id\":\"https:\/\/www.tomaten.at\/#\/schema\/logo\/image\/\"}}]}<\/script>\n<!-- \/ Yoast SEO plugin. -->","yoast_head_json":{"title":"Kontakt - Zeiler - frische Tomaten aus \u00d6sterreich!","robots":{"index":"index","follow":"follow","max-snippet":"max-snippet:-1","max-image-preview":"max-image-preview:large","max-video-preview":"max-video-preview:-1"},"canonical":"https:\/\/www.tomaten.at\/?page_id=15","og_locale":"de_DE","og_type":"article","og_title":"Kontakt - Zeiler - frische Tomaten aus \u00d6sterreich!","og_description":"Kontakt &nbsp;Zeiler Gem\u00fcsevertrieb GmbH G\u00e4rtnerweg 1 A-2482 M\u00fcnchendorf Tel.: +43-2259\/870 72-0 office@tomaten.at","og_url":"https:\/\/www.tomaten.at\/?page_id=15","og_site_name":"Zeiler - frische Tomaten aus \u00d6sterreich!","article_modified_time":"2023-06-24T08:26:05+00:00","twitter_card":"summary_large_image","twitter_misc":{"Gesch\u00e4tzte Lesezeit":"4 Minuten"},"schema":{"@context":"https:\/\/schema.org","@graph":[{"@type":"WebPage","@id":"https:\/\/www.tomaten.at\/?page_id=15","url":"https:\/\/www.tomaten.at\/?page_id=15","name":"Kontakt - Zeiler - frische Tomaten aus \u00d6sterreich!","isPartOf":{"@id":"https:\/\/www.tomaten.at\/#website"},"datePublished":"2023-03-27T12:47:25+00:00","dateModified":"2023-06-24T08:26:05+00:00","breadcrumb":{"@id":"https:\/\/www.tomaten.at\/?page_id=15#breadcrumb"},"inLanguage":"de-AT","potentialAction":[{"@type":"ReadAction","target":["https:\/\/www.tomaten.at\/?page_id=15"]}]},{"@type":"BreadcrumbList","@id":"https:\/\/www.tomaten.at\/?page_id=15#breadcrumb","itemListElement":[{"@type":"ListItem","position":1,"name":"Startseite","item":"https:\/\/www.tomaten.at\/"},{"@type":"ListItem","position":2,"name":"Kontakt"}]},{"@type":"WebSite","@id":"https:\/\/www.tomaten.at\/#website","url":"https:\/\/www.tomaten.at\/","name":"Zeiler - frische Tomaten aus \u00d6sterreich!","description":"","publisher":{"@id":"https:\/\/www.tomaten.at\/#organization"},"potentialAction":[{"@type":"SearchAction","target":{"@type":"EntryPoint","urlTemplate":"https:\/\/www.tomaten.at\/?s={search_term_string}"},"query-input":"required name=search_term_string"}],"inLanguage":"de-AT"},{"@type":"Organization","@id":"https:\/\/www.tomaten.at\/#organization","name":"Zeiler","url":"https:\/\/www.tomaten.at\/","logo":{"@type":"ImageObject","inLanguage":"de-AT","@id":"https:\/\/www.tomaten.at\/#\/schema\/logo\/image\/","url":"http:\/\/www.tomaten.at\/wp-content\/uploads\/2023\/04\/Zeiler_Logo_ohne_Kreis.png","contentUrl":"http:\/\/www.tomaten.at\/wp-content\/uploads\/2023\/04\/Zeiler_Logo_ohne_Kreis.png","width":250,"height":389,"caption":"Zeiler"},"image":{"@id":"https:\/\/www.tomaten.at\/#\/schema\/logo\/image\/"}}]}},"_links":{"self":[{"href":"https:\/\/www.tomaten.at\/index.php?rest_route=\/wp\/v2\/pages\/15","targetHints":{"allow":["GET"]}}],"collection":[{"href":"https:\/\/www.tomaten.at\/index.php?rest_route=\/wp\/v2\/pages"}],"about":[{"href":"https:\/\/www.tomaten.at\/index.php?rest_route=\/wp\/v2\/types\/page"}],"author":[{"embeddable":true,"href":"https:\/\/www.tomaten.at\/index.php?rest_route=\/wp\/v2\/users\/1"}],"replies":[{"embeddable":true,"href":"https:\/\/www.tomaten.at\/index.php?rest_route=%2Fwp%2Fv2%2Fcomments&post=15"}],"version-history":[{"count":12,"href":"https:\/\/www.tomaten.at\/index.php?rest_route=\/wp\/v2\/pages\/15\/revisions"}],"predecessor-version":[{"id":705,"href":"https:\/\/www.tomaten.at\/index.php?rest_route=\/wp\/v2\/pages\/15\/revisions\/705"}],"wp:attachment":[{"href":"https:\/\/www.tomaten.at\/index.php?rest_route=%2Fwp%2Fv2%2Fmedia&parent=15"}],"curies":[{"name":"wp","href":"https:\/\/api.w.org\/{rel}","templated":true}]}}